. List the prime factors of w*(2 - -17) - -2.
3, 7
Let n(l) = -5*l - 6. Let p(z) = z**3 + 8*z**2 + z - 1. Let h be p(-8). Let m be 18/h*4/2. List the prime factors of n(m).
2, 7
Let d = 5 - 3. Suppose 41 = 2*x - d*u + 9, -2*u = -5*x + 83. List the prime factors of x.
17
Suppose 0*p = -5*p - h + 343, 2*h = 4*p - 266. List the prime factors of p.
2, 17
Let l be ((-2)/6)/(3/9). Let t be (-13 - l) + 2/1. Let d = t + 19. List the prime factors of d.
3
Suppose l + 15 = 7. Let x = -3 - l. Suppose -4*y - 8 = -2*z + 14, -x*y = 5. List the prime factors of z.
3
Let u(g) = g**3 - 4*g**2 - 5*g + 6. Let z be u(5). Let r(w) = 4 - w**2 + 3*w**2 - 5*w**2 + 6*w + 2*w**2. What are the prime factors of r(z)?
2
Suppose 6*c = 4*c + 36. What are the prime factors of c?
2, 3
Let u be (21/(-9) + 2)*-9. Suppose -u*t + 38 = -t. List the prime factors of t.
19
Let p(m) be the first derivative of m**4/4 - 4*m**3/3 + 3*m**2/2 + 6*m - 7. List the prime factors of p(5).
2, 23
Suppose -g = -0*g + 6. List the prime factors of (8/5)/(g/(-15)).
2
Let v(d) = 3*d - 7. Let k be v(9). Suppose u + 2 = k. Let t = 28 - u. What are the prime factors of t?
2, 5
Let b(q) = -2*q + 7. Let j(p) = 4*p - 14. Let d(o) = 5*b(o) + 3*j(o). List the prime factors of d(13).
19
Let k = -10 + 25. Suppose -j = -0 + k. Let m = j + 24. List the prime factors of m.
3
Let c(s) = s + 3. Let r be c(-3). Let z be r/((8/2)/2). Let j = 5 - z. List the prime factors of j.
5
Let h(z) = -3*z - 1. Let f be h(-1). Suppose -f*j = -9 - 21. What are the prime factors of j?
3, 5
Let p be (0/2)/(24/12). Suppose 11*h - 7*h - 36 = p. What are the prime factors of h?
3
Let a = -1 + 38. List the prime factors of a.
37
Let a(j) = -j - 1. Let b be a(4). List the prime factors of (32/(-10))/(b/25).
2
Let y = -80 - -165. List the prime factors of y.
5, 17
Suppose 5*x = -0*x + 245. What are the prime factors of x?
7
Suppose -w = -4*w + 9. Suppose -2*q + 35 = -w*y, -4*q + 7*q - 2*y - 40 = 0. What are the prime factors of q?
2, 5
Let x(g) = g - 1. Let r be x(1). Let i be (-22 - -2 - r)/(-1). Suppose -5*c - 5 = i, 5*y - 35 = 2*c. What are the prime factors of y?
5
Let x = -223 - -317. List the prime factors of x.
2, 47
Suppose 100 = 3*q + 2*y - 7*y, -2*q + 71 = y. List the prime factors of q.
5, 7
Let x(f) = 11*f + 17. Let l be x(-10). Let s = 134 + l. What are the prime factors of s?
41
Suppose 3*l - 5*r - 185 = -0*l, 2*r + 182 = 3*l. Let q be (9/(-5))/(3*3/(-30)). Suppose q*f - f = l. What are the prime factors of f?
2, 3
Suppose q - 2*q + 21 = 4*f, -3*f = -3*q - 27. Let b = -4 + f. What are the prime factors of ((-52)/b)/(-2) - 0?
13
Let d(s) = 4*s + 1. Let q be d(5). Suppose h + 72 = 5*i, i = 3*h - 5*h + q. What are the prime factors of i?
3, 5
Let k(a) be the first derivative of -a**3/3 + a**2/2 + 30*a - 2. Let t be k(0). Suppose -4*n = 12, 5*n - t = -4*m - m. List the prime factors of m.
3
Let b = -6 + 11. Suppose p - 222 = -b*p. What are the prime factors of p?
37
Suppose -2 = 2*k + 2. Let f be 15*(k/6 - 1). Let b = f + 29. What are the prime factors of b?
3
Let f(j) = j**3 + 9*j**2 - 11*j - 8. Let h be f(-10). Suppose -136 = -2*k - h*k. What are the prime factors of k?
2, 17
Let q(v) = -v**2 + 8*v - 7. Let k be (-2 - (-6)/4)*-10. Let p be q(k). Let m = p + -5. List the prime factors of m.
3
Suppose 10*j - 5*j = 0. Suppose h + 3*q - 7 = j, 4*q + 11 = -1. List the prime factors of h.
2
Suppose 5*a + w = 0, w = -0*a + 2*a. Suppose -4*y + a + 54 = k, -5*y = 5*k - 75. List the prime factors of y.
13
Let f(r) = r**2 + 11*r - 29. What are the prime factors of f(-17)?
73
Let l be (-2)/4 - (-15)/10. Let u(b) = 28*b + 1. What are the prime factors of u(l)?
29
Let v = -15 + 37. List the prime factors of v.
2, 11
Let u be 138 - (6/3)/1. Suppose -3*s = 3*f - 2*s + u, 3*f + 140 = -2*s. What are the prime factors of (f/(-4))/(2/2)?
11
List the prime factors of 130/4 + 7/14.
3, 11
Let q(w) = -11*w - 4. What are the prime factors of q(-3)?
29
Suppose 0 = 11*m - 10*m - 38. Suppose g - m = 1. What are the prime factors of g?
3, 13
Let w = 134 + -69. Let x = w + -27. What are the prime factors of (x/(-6))/(1/(-3))?
19
Suppose 3*u - z - 17 = -0*z, 0 = -4*z + 4. What are the prime factors of u?
2, 3
Suppose -4*t - 16 = 8. Let l be (-6)/t + -1 + 3. Suppose -5*i - 4*k + 22 = 0, -5*i + k + 4 = -l. List the prime factors of i.
2
Let h(c) = -20*c**3 - 2*c**2 + 2*c - 1. Let w be h(1). Let l be w/(-4) - 1/4. Suppose 3*n - 80 = -l*d + 8*n, d - 5*n - 36 = 0. What are the prime factors of d?
11
Let q(n) = n - 22. Let m be q(0). Let w = m + 37. List the prime factors of w.
3, 5
List the prime factors of (-8)/(-28) + 124/7.
2, 3
Let x(n) = n**3 - 10*n**2 + 2*n + 12. Let w be x(10). Suppose 3*d = -d + w. List the prime factors of d.
2
Suppose -6 = -p - 3. Suppose -m = -3*m + 4*f - 4, f - 6 = p*m. What are the prime factors of (1/(-3) - m)*3?
5
List the prime factors of (-450)/(-21) + 16/28.
2, 11
Let r = 1 + 8. Suppose 136 = 5*y - 2*x, r*y - 4*y + 4*x - 118 = 0. List the prime factors of y.
2, 13
Let s(z) = -z**2 + z. Let k be s(1). Suppose -2*m - m + 30 = k. What are the prime factors of m?
2, 5
Suppose -3*b - 33 = -3*l + 72, 30 = l - 2*b. List the prime factors of l.
2, 5
Let j = -59 + 19. List the prime factors of (-1576)/j - 3/(-5).
2, 5
Suppose 51 - 15 = -4*t. Let m(k) = k**3 + 11*k**2 + 6*k + 5. Let l be m(t). Suppose z - 15 = 4*y, -5*z = -2*y - l + 38. What are the prime factors of z?
3, 5
Let x = -11 + 252. What are the prime factors of x?
241
Suppose 0 = 2*f - 262 + 66. What are the prime factors of f?
2, 7
Let q(p) = 10*p + 2. Let x be q(1). Let n be (-4)/6 + (-11)/(-3). Suppose -n*j + 5*j - x = 0. List the prime factors of j.
2, 3
Suppose -q + 2 = -1. Suppose -q*u + 9 = -6. Suppose -n = -u*n + 20. List the prime factors of n.
5
Let m be (-1 - 3)*(-84)/(-16). What are the prime factors of (58/(-3))/(14/m)?
29
Let z(v) = v**3 + 9*v**2 + 2*v + 5. Let p be z(-5). Suppose 2*w = -39 + p. What are the prime factors of w?
2, 7
List the prime factors of -1 - 2/3*-75.
7
Suppose 4*r - 4 = 3*r. Let n be 58/18 + r/(-18). Let y = n - 0. What are the prime factors of y?
3
Let k(p) = p**2 - 5*p + 8. Let x(g) = -g**2 + 5*g - 8. Let t(o) = 7*k(o) + 6*x(o). Let i be 1/(-2) + 39/6. List the prime factors of t(i).
2, 7
Let k = -21 + 9. Let z(s) = -s**2 - 11*s + 16. What are the prime factors of z(k)?
2
Let q = -229 - -351. What are the prime factors of q?
2, 61
Let l(q) = 39*q - 13. List the prime factors of l(3).
2, 13
Let n = -65 + 68. What are the prime factors of n?
3
What are the prime factors of -542*6/(-20) + (-4)/(-10)?
163
Suppose v = -0 + 43. List the prime factors of v.
43
What are the prime factors of 3 + 57 + -1 + 2?
61
Suppose 5*m = 155 + 35. Suppose 3*b - 5*o = m, 5*b = -3*o - 2*o + 90. What are the prime factors of b?
2
Let w be (8 - 0)/1 - 0. Let a = -2 + w. List the prime factors of a.
2, 3
Let n(t) = -6*t**3 - 2*t**2 + 1. Let o be n(-1). List the prime factors of (3 - (-3 + o))*18.
2, 3
Suppose k - 300 = -5*i, -5*k + 3*i + 1157 = -259. List the prime factors of k.
3, 5, 19
Suppose -5*j + 487 = 4*d, -3*d + 0*d = -j - 351. List the prime factors of d.
2, 59
Suppose 4*i = -6 - 2. Let g be 14 - (i - (-2)/1). List the prime factors of 414/21 + 4/g.
2, 5
Let w(b) = b**2 - 23*b + 6. List the prime factors of w(24).
2, 3, 5
Let r be 12 - (-1)/(3 - 2). Let m = r - 9. What are the prime factors of m?
2
Let z(q) = -q**2 + 9*q - 12. Let v be z(8). Let p = v + 7. Suppose 3*b - 3*i - 42 = 0, p*b - 14 = -2*i - 2*i. List the prime factors of b.
2, 5
Suppose 2*n - 1 = -d + 7, 2 = -5*d + 4*n. Suppose 40 = d*t + 10. List the prime factors of t.
3, 5
Let v be -1 - 1*-4 - 1. Suppose v*x - 10 = 18. List the prime factors of x.
2, 7
Let m(s) = 2*s**2 - 5*s - 3. Let v(b) = b**2 + b - 1. Let g be v(2). Suppose g*y = 2*y + 12. List the prime factors of m(y).
3
Suppose -11*w + 630 = -6*w. What are the prime factors of w?
2, 3, 7
Suppose x = 3*x - 4. Suppose -6*q + 2*q = x*d - 22, -3*q = -2*d + 15. List the prime factors of d.
3
Suppose -3*q - 5 = -0*q - 4*a, 5*a = q + 20. List the prime factors of 2 + -2 + -3 + q.
2
Suppose -3*z + w + 3*w = 8, -w = -z - 2. Let p(h) = -h**2 - 2*h + 38. What are the prime factors of p(z)?
2, 19
Let w(v) = v**3 + 13*v**2 + 9*v + 2. What are